{"id":4686,"date":"2022-09-14T12:18:48","date_gmt":"2022-09-14T10:18:48","guid":{"rendered":"https:\/\/paradisegarden.it\/?post_type=product&#038;p=4686"},"modified":"2023-02-13T13:32:08","modified_gmt":"2023-02-13T12:32:08","slug":"olivo","status":"publish","type":"product","link":"https:\/\/paradisegarden.it\/?product=olivo","title":{"rendered":"Olivo"},"content":{"rendered":"<p>L&#8217;Olivo \u00e8 un albero sempreverde tra i pi\u00f9 longevi, originario del bacino mediterraneo. Caratterizzato in et\u00e0 giovanile da un tronco diritto, ricoperto da una corteccia liscia e grigio-argentea che con il tempo diviene contorta, nodosa e scura. I fiori sbocciano da aprile a giugno e sono piccoli e bianchi, molto profumati. I frutti sono olive che contengono un solo seme e sono di colore verde, nero brillante quando maturano in autunno.<br \/>\nL&#8217;Olivo ama il sole e teme gli eccessi di umidit\u00e0; vuole terreni profondi, asciutti e ben permeabili, protetti dai forti venti. Sopporta la siccit\u00e0 e resiste fino a temperature di -7\/10\u00b0C.<\/p>\n","protected":false},"excerpt":{"rendered":"<p>L&#8217;Olivo ama il sole e teme gli eccessi di umidit\u00e0; vuole terreni profondi, asciutti e ben permeabili, protetti dai forti venti. Sopporta la siccit\u00e0 e resiste fino a temperature di -7\/10\u00b0C.<\/p>\n","protected":false},"featured_media":5207,"comment_status":"open","ping_status":"closed","template":"","meta":[],"product_brand":[],"product_cat":[88,95],"product_tag":[],"class_list":{"0":"post-4686","1":"product","2":"type-product","3":"status-publish","4":"has-post-thumbnail","6":"product_cat-piante-da-esterno","7":"product_cat-piante-da-frutto","9":"first","10":"instock","11":"shipping-taxable","12":"purchasable","13":"product-type-variable"},"yoast_head":"<!-- This site is optimized with the Yoast SEO plugin v26.5 - https:\/\/yoast.com\/wordpress\/plugins\/seo\/ -->\n<title>Olivo - Paradise Garden<\/title>\n<meta name=\"robots\" content=\"index, follow, max-snippet:-1, max-image-preview:large, max-video-preview:-1\" \/>\n<link rel=\"canonical\" href=\"https:\/\/paradisegarden.it\/?product=olivo\" \/>\n<meta property=\"og:locale\" content=\"it_IT\" \/>\n<meta property=\"og:type\" content=\"article\" \/>\n<meta property=\"og:title\" content=\"Olivo - Paradise Garden\" \/>\n<meta property=\"og:description\" content=\"L&#039;Olivo ama il sole e teme gli eccessi di umidit\u00e0; vuole terreni profondi, asciutti e ben permeabili, protetti dai forti venti. Sopporta la siccit\u00e0 e resiste fino a temperature di -7\/10\u00b0C.\" \/>\n<meta property=\"og:url\" content=\"https:\/\/paradisegarden.it\/?product=olivo\" \/>\n<meta property=\"og:site_name\" content=\"Paradise Garden\" \/>\n<meta property=\"article:publisher\" content=\"https:\/\/www.facebook.com\/paradisegardencenter.ita\" \/>\n<meta property=\"article:modified_time\" content=\"2023-02-13T12:32:08+00:00\" \/>\n<meta property=\"og:image\" content=\"https:\/\/paradisegarden.it\/wp-content\/uploads\/2022\/09\/olivo-vaso-12.jpg\" \/>\n\t<meta property=\"og:image:width\" content=\"800\" \/>\n\t<meta property=\"og:image:height\" content=\"800\" \/>\n\t<meta property=\"og:image:type\" content=\"image\/jpeg\" \/>\n<meta name=\"twitter:card\" content=\"summary_large_image\" \/>\n<meta name=\"twitter:label1\" content=\"Tempo di lettura stimato\" \/>\n\t<meta name=\"twitter:data1\" content=\"1 minuto\" \/>\n<script type=\"application\/ld+json\" class=\"yoast-schema-graph\">{\"@context\":\"https:\/\/schema.org\",\"@graph\":[{\"@type\":\"WebPage\",\"@id\":\"https:\/\/paradisegarden.it\/?product=olivo\",\"url\":\"https:\/\/paradisegarden.it\/?product=olivo\",\"name\":\"Olivo - Paradise Garden\",\"isPartOf\":{\"@id\":\"https:\/\/paradisegarden.it\/#website\"},\"primaryImageOfPage\":{\"@id\":\"https:\/\/paradisegarden.it\/?product=olivo#primaryimage\"},\"image\":{\"@id\":\"https:\/\/paradisegarden.it\/?product=olivo#primaryimage\"},\"thumbnailUrl\":\"https:\/\/paradisegarden.it\/wp-content\/uploads\/2022\/09\/olivo-vaso-12.jpg\",\"datePublished\":\"2022-09-14T10:18:48+00:00\",\"dateModified\":\"2023-02-13T12:32:08+00:00\",\"breadcrumb\":{\"@id\":\"https:\/\/paradisegarden.it\/?product=olivo#breadcrumb\"},\"inLanguage\":\"it-IT\",\"potentialAction\":[{\"@type\":\"ReadAction\",\"target\":[\"https:\/\/paradisegarden.it\/?product=olivo\"]}]},{\"@type\":\"ImageObject\",\"inLanguage\":\"it-IT\",\"@id\":\"https:\/\/paradisegarden.it\/?product=olivo#primaryimage\",\"url\":\"https:\/\/paradisegarden.it\/wp-content\/uploads\/2022\/09\/olivo-vaso-12.jpg\",\"contentUrl\":\"https:\/\/paradisegarden.it\/wp-content\/uploads\/2022\/09\/olivo-vaso-12.jpg\",\"width\":800,\"height\":800},{\"@type\":\"BreadcrumbList\",\"@id\":\"https:\/\/paradisegarden.it\/?product=olivo#breadcrumb\",\"itemListElement\":[{\"@type\":\"ListItem\",\"position\":1,\"name\":\"Home\",\"item\":\"https:\/\/paradisegarden.it\/\"},{\"@type\":\"ListItem\",\"position\":2,\"name\":\"Shop\",\"item\":\"https:\/\/paradisegarden.it\/?page_id=1706\"},{\"@type\":\"ListItem\",\"position\":3,\"name\":\"Olivo\"}]},{\"@type\":\"WebSite\",\"@id\":\"https:\/\/paradisegarden.it\/#website\",\"url\":\"https:\/\/paradisegarden.it\/\",\"name\":\"Paradise Garden\",\"description\":\"Piante per la tua casa e per il tuo ufficio\",\"publisher\":{\"@id\":\"https:\/\/paradisegarden.it\/#organization\"},\"potentialAction\":[{\"@type\":\"SearchAction\",\"target\":{\"@type\":\"EntryPoint\",\"urlTemplate\":\"https:\/\/paradisegarden.it\/?s={search_term_string}\"},\"query-input\":{\"@type\":\"PropertyValueSpecification\",\"valueRequired\":true,\"valueName\":\"search_term_string\"}}],\"inLanguage\":\"it-IT\"},{\"@type\":\"Organization\",\"@id\":\"https:\/\/paradisegarden.it\/#organization\",\"name\":\"Paradise Garden\",\"url\":\"https:\/\/paradisegarden.it\/\",\"logo\":{\"@type\":\"ImageObject\",\"inLanguage\":\"it-IT\",\"@id\":\"https:\/\/paradisegarden.it\/#\/schema\/logo\/image\/\",\"url\":\"https:\/\/paradisegarden.it\/wp-content\/uploads\/2024\/04\/paradise-garden-new-logo-240-px.png\",\"contentUrl\":\"https:\/\/paradisegarden.it\/wp-content\/uploads\/2024\/04\/paradise-garden-new-logo-240-px.png\",\"width\":240,\"height\":240,\"caption\":\"Paradise Garden\"},\"image\":{\"@id\":\"https:\/\/paradisegarden.it\/#\/schema\/logo\/image\/\"},\"sameAs\":[\"https:\/\/www.facebook.com\/paradisegardencenter.ita\"]}]}<\/script>\n<!-- \/ Yoast SEO plugin. -->","yoast_head_json":{"title":"Olivo - Paradise Garden","robots":{"index":"index","follow":"follow","max-snippet":"max-snippet:-1","max-image-preview":"max-image-preview:large","max-video-preview":"max-video-preview:-1"},"canonical":"https:\/\/paradisegarden.it\/?product=olivo","og_locale":"it_IT","og_type":"article","og_title":"Olivo - Paradise Garden","og_description":"L'Olivo ama il sole e teme gli eccessi di umidit\u00e0; vuole terreni profondi, asciutti e ben permeabili, protetti dai forti venti. Sopporta la siccit\u00e0 e resiste fino a temperature di -7\/10\u00b0C.","og_url":"https:\/\/paradisegarden.it\/?product=olivo","og_site_name":"Paradise Garden","article_publisher":"https:\/\/www.facebook.com\/paradisegardencenter.ita","article_modified_time":"2023-02-13T12:32:08+00:00","og_image":[{"width":800,"height":800,"url":"https:\/\/paradisegarden.it\/wp-content\/uploads\/2022\/09\/olivo-vaso-12.jpg","type":"image\/jpeg"}],"twitter_card":"summary_large_image","twitter_misc":{"Tempo di lettura stimato":"1 minuto"},"schema":{"@context":"https:\/\/schema.org","@graph":[{"@type":"WebPage","@id":"https:\/\/paradisegarden.it\/?product=olivo","url":"https:\/\/paradisegarden.it\/?product=olivo","name":"Olivo - Paradise Garden","isPartOf":{"@id":"https:\/\/paradisegarden.it\/#website"},"primaryImageOfPage":{"@id":"https:\/\/paradisegarden.it\/?product=olivo#primaryimage"},"image":{"@id":"https:\/\/paradisegarden.it\/?product=olivo#primaryimage"},"thumbnailUrl":"https:\/\/paradisegarden.it\/wp-content\/uploads\/2022\/09\/olivo-vaso-12.jpg","datePublished":"2022-09-14T10:18:48+00:00","dateModified":"2023-02-13T12:32:08+00:00","breadcrumb":{"@id":"https:\/\/paradisegarden.it\/?product=olivo#breadcrumb"},"inLanguage":"it-IT","potentialAction":[{"@type":"ReadAction","target":["https:\/\/paradisegarden.it\/?product=olivo"]}]},{"@type":"ImageObject","inLanguage":"it-IT","@id":"https:\/\/paradisegarden.it\/?product=olivo#primaryimage","url":"https:\/\/paradisegarden.it\/wp-content\/uploads\/2022\/09\/olivo-vaso-12.jpg","contentUrl":"https:\/\/paradisegarden.it\/wp-content\/uploads\/2022\/09\/olivo-vaso-12.jpg","width":800,"height":800},{"@type":"BreadcrumbList","@id":"https:\/\/paradisegarden.it\/?product=olivo#breadcrumb","itemListElement":[{"@type":"ListItem","position":1,"name":"Home","item":"https:\/\/paradisegarden.it\/"},{"@type":"ListItem","position":2,"name":"Shop","item":"https:\/\/paradisegarden.it\/?page_id=1706"},{"@type":"ListItem","position":3,"name":"Olivo"}]},{"@type":"WebSite","@id":"https:\/\/paradisegarden.it\/#website","url":"https:\/\/paradisegarden.it\/","name":"Paradise Garden","description":"Piante per la tua casa e per il tuo ufficio","publisher":{"@id":"https:\/\/paradisegarden.it\/#organization"},"potentialAction":[{"@type":"SearchAction","target":{"@type":"EntryPoint","urlTemplate":"https:\/\/paradisegarden.it\/?s={search_term_string}"},"query-input":{"@type":"PropertyValueSpecification","valueRequired":true,"valueName":"search_term_string"}}],"inLanguage":"it-IT"},{"@type":"Organization","@id":"https:\/\/paradisegarden.it\/#organization","name":"Paradise Garden","url":"https:\/\/paradisegarden.it\/","logo":{"@type":"ImageObject","inLanguage":"it-IT","@id":"https:\/\/paradisegarden.it\/#\/schema\/logo\/image\/","url":"https:\/\/paradisegarden.it\/wp-content\/uploads\/2024\/04\/paradise-garden-new-logo-240-px.png","contentUrl":"https:\/\/paradisegarden.it\/wp-content\/uploads\/2024\/04\/paradise-garden-new-logo-240-px.png","width":240,"height":240,"caption":"Paradise Garden"},"image":{"@id":"https:\/\/paradisegarden.it\/#\/schema\/logo\/image\/"},"sameAs":["https:\/\/www.facebook.com\/paradisegardencenter.ita"]}]}},"_links":{"self":[{"href":"https:\/\/paradisegarden.it\/index.php?rest_route=\/wp\/v2\/product\/4686","targetHints":{"allow":["GET"]}}],"collection":[{"href":"https:\/\/paradisegarden.it\/index.php?rest_route=\/wp\/v2\/product"}],"about":[{"href":"https:\/\/paradisegarden.it\/index.php?rest_route=\/wp\/v2\/types\/product"}],"replies":[{"embeddable":true,"href":"https:\/\/paradisegarden.it\/index.php?rest_route=%2Fwp%2Fv2%2Fcomments&post=4686"}],"wp:featuredmedia":[{"embeddable":true,"href":"https:\/\/paradisegarden.it\/index.php?rest_route=\/wp\/v2\/media\/5207"}],"wp:attachment":[{"href":"https:\/\/paradisegarden.it\/index.php?rest_route=%2Fwp%2Fv2%2Fmedia&parent=4686"}],"wp:term":[{"taxonomy":"product_brand","embeddable":true,"href":"https:\/\/paradisegarden.it\/index.php?rest_route=%2Fwp%2Fv2%2Fproduct_brand&post=4686"},{"taxonomy":"product_cat","embeddable":true,"href":"https:\/\/paradisegarden.it\/index.php?rest_route=%2Fwp%2Fv2%2Fproduct_cat&post=4686"},{"taxonomy":"product_tag","embeddable":true,"href":"https:\/\/paradisegarden.it\/index.php?rest_route=%2Fwp%2Fv2%2Fproduct_tag&post=4686"}],"curies":[{"name":"wp","href":"https:\/\/api.w.org\/{rel}","templated":true}]}}